 is the thousands digit of 308331951?
1
What is the hundreds digit of 6364111115?
1
What is the hundred millions digit of 3743974681?
7
What is the ten thousands digit of 60873824?
7
What is the ten thousands digit of 716239419?
3
What is the millions digit of 5155837806?
5
What is the ten millions digit of 903417270?
0
What is the units digit of 92487569?
9
What is the ten thousands digit of 146133452?
3
What is the hundreds digit of 197678652?
6
What is the ten millions digit of 460538548?
6
What is the units digit of 62172774?
4
What is the tens digit of 2650572?
7
What is the hundreds digit of 1115969657?
6
What is the hundred millions digit of 831857798?
8
What is the units digit of 930240771?
1
What is the ten millions digit of 542452610?
4
What is the ten thousands digit of 70922808?
2
What is the millions digit of 10235560?
0
What is the hundreds digit of 693157304?
3
What is the millions digit of 6231428?
6
What is the units digit of 28693083?
3
What is the hundreds digit of 652980906?
9
What is the ten millions digit of 542563916?
4
What is the thousands digit of 422984545?
4
What is the hundreds digit of 428299685?
6
What is the units digit of 56130292?
2
What is the millions digit of 4458768837?
8
What is the millions digit of 844088222?
4
What is the billions digit of 1082013803?
1
What is the ten thousands digit of 3872925054?
2
What is the hundreds digit of 3202303055?
0
What is the tens digit of 293089264?
6
What is the hundred thousands digit of 2221222540?
2
What is the units digit of 70832263?
3
What is the ten millions digit of 22632129?
2
What is the ten thousands digit of 9517013345?
1
What is the hundred thousands digit of 280107918?
1
What is the units digit of 42020471?
1
What is the tens digit of 536321020?
2
What is the hundred millions digit of 821740174?
8
What is the hundreds digit of 81479279?
2
What is the ten thousands digit of 3665120361?
2
What is the units digit of 3845717338?
8
What is the ten thousands digit of 6575924728?
2
What is the units digit of 672408079?
9
What is the hundred millions digit of 122720644?
1
What is the hundred millions digit of 150780086?
1
What is the hundred thousands digit of 193399450?
3
What is the millions digit of 157391778?
7
What is the millions digit of 7940177599?
0
What is the hundreds digit of 39845943?
9
What is the hundreds digit of 84018919?
9
What is the thousands digit of 43604864?
4
What is the thousands digit of 62646252?
6
What is the ten millions digit of 24071919?
2
What is the ten millions digit of 503576503?
0
What is the tens digit of 20000728?
2
What is the hundreds digit of 2659719378?
3
What is the thousands digit of 108896863?
6
What is the ten millions digit of 210153564?
1
What is the ten millions digit of 291170231?
9
What is the ten millions digit of 475369908?
7
What is the millions digit of 50053411?
0
What is the units digit of 33707204?
4
What is the ten millions digit of 52444225?
5
What is the units digit of 42496658?
8
What is the millions digit of 48004787?
8
What is the hundred millions digit of 769827877?
7
What is the hundred thousands digit of 76403176?
4
What is the millions digit of 34748482?
4
What is the units digit of 47051827?
7
What is the hundreds digit of 296536488?
4
What is the hundreds digit of 170337159?
1
What is the tens digit of 186288880?
8
What is the thousands digit of 92722496?
2
What is the thousands digit of 715220651?
0
What is the hundreds digit of 1358054415?
4
What is the ten millions digit of 88222250?
8
What is the hundred thousands digit of 9487835?
4
What is the tens digit of 384535377?
7
What is the ten millions digit of 593448495?
9
What is the units digit of 9869690?
0
What is the ten thousands digit of 467536932?
3
What is the ten millions digit of 715994272?
1
What is the hundreds digit of 3869399975?
9
What is the tens digit of 135239445?
4
What is the units digit of 188891581?
1
What is the hundred thousands digit of 288167810?
1
What is the ten thousands digit of 1960835397?
3
What is the millions digit of 32851760?
2
What is the thousands digit of 767325572?
5
What is the millions digit of 42380025?
2
What is the hundred thousands digit of 645526412?
5
What is the hundred thousands digit of 327333770?
3
What is the tens digit of 992602718?
1
What is the hundreds digit of 7129923448?
4
What is the ten millions digit of 375379223?
7
What is the thousands digit of 5125431741?
1
What is the thousands digit of 466377099?
7
What is the thousands digit of 470740003?
0
What is the millions digit of 450991121?
0
What is the units digit of 591519577?
7
What is the ten millions digit of 2544778263?
4
What is the hundreds digit of 230672603?
6
What is the ten millions digit of 66472115?
6
What is the ten thousands digit of 1145602330?
0
What is the thousands digit of 83706917?
6
What is the units digit of 1170973108?
8
What is the millions digit of 606363976?
6
What is the hundred millions digit of 1685953630?
6
What is the ten thousands digit of 74807368?
0
What is the ten millions digit of 38760299?
3
What is the hundred millions digit of 1821711758?
8
What is the ten millions digit of 772706244?
7
What is the ten thousands digit of 341285053?
8
What is the millions digit of 2739376753?
9
What is the hundreds digit of 438184038?
0
What is the ten thousands digit of 847804900?
0
What is the hundred millions digit of 248314986?
2
What is the hundreds digit of 197162519?
5
What is the hundred thousands digit of 95947145?
9
What is the hundred millions digit of 1069315545?
0
What is the units digit of 175894057?
7
What is the hundreds digit of 41526837?
8
What is the hundred millions digit of 1318687661?
3
What is the ten millions digit of 226899419?
2
What is the tens digit of 276386643?
4
What is the hundred thousands digit of 46130332?
1
What is the millions digit of 3699622671?
9
What is the thousands digit of 63644386?
4
What is the ten thousands digit of 1388871656?
7
What is the units digit of 358512009?
9
What is the tens digit of 2680262433?
3
What is the hundred thousands digit of 3014921926?
9
What is the ten millions digit of 2575077236?
7
What is the hundred thousands digit of 41574837?
5
What is the ten thousands digit of 4143929001?
2
What is the millions digit of 289118821?
9
What is the hundreds digit of 680398482?
4
What is the thousands digit of 1272612515?
2
What is the ten millions digit of 109226686?
0
What is the hundred thousands digit of 5066203639?
2
What is the tens digit of 14445326?
2
What is the tens digit of 34226971?
7
What is the millions digit of 34257849?
4
What is the tens digit of 598890353?
5
What is the millions digit of 197453942?
7
What is the ten millions digit of 949352576?
4
What is the millions digit of 1784813493?
4
What is the hundreds digit of 488675244?
2
What is the thousands digit of 44309330?
9
What is the hundred thousands digit of 6504565008?
5
What is the units digit of 5066242?
2
What is the hundreds digit of 59993405?
4
What is the tens digit of 826429850?
5
What is the ten thousands digit of 3823112397?
1
What is the hundreds digit of 412979573?
5
What is the millions digit of 58965772?
8
What is the hundreds digit of 981463282?
2
What is the ten millions digit of 22467133?
2
What is the tens digit of 2840106589?
8
What is the billions digit of 2941399327?
2
What is the hundred millions digit of 208768613?
2
What is the hundreds digit of 122165784?
7
What is the ten thousands digit of 607518181?
1
What is the hundreds digit of 52153033?
0
What is the tens digit of 1030764387?
8
What is the ten millions digit of 48765923?
4
What is the millions digit of 16386211?
6
What is the hundred millions digit of 1311594391?
3
What is the millions digit of 5891547536?
1
What is the ten thousands digit of 483270553?
7
What is the hundreds digit of 1324237200?
2
What is the millions digit of 88768410?
8
What is the hundred millions digit of 306892176?
3
What is the thousands digit of 528891465?
1
What is the hundreds digit of 574198199?
1
What is the hundred thousands digit of 108394595?
3
What is the millions digit of 205911907?
5
What is the hundreds digit of 758092841?
8
What is the ten millions digit of 48031226?
4
What is the thousands digit of 2513738764?
8
W